[INFO] cloning repository https://github.com/sorrowed/Advent-2018
[INFO] running `Command { std: "git" "-c" "credential.helper=" "-c" "credential.helper=/workspace/cargo-home/bin/git-credential-null" "clone" "--bare" "https://github.com/sorrowed/Advent-2018" "/workspace/cache/git-repos/https%3A%2F%2Fgithub.com%2Fsorrowed%2FAdvent-2018", kill_on_drop: false }`
[INFO] [stderr] Cloning into bare repository '/workspace/cache/git-repos/https%3A%2F%2Fgithub.com%2Fsorrowed%2FAdvent-2018'...
[INFO] running `Command { std: "git" "rev-parse" "HEAD", kill_on_drop: false }`
[INFO] [stdout] 1695b204d44f8494901ed9577d319a465df3afa6
[INFO] checking sorrowed/Advent-2018 against try#72f88fc4e9458f89516a0b8b0868f3718aec5b47 for pr-74989
[INFO] running `Command { std: "git" "clone" "/workspace/cache/git-repos/https%3A%2F%2Fgithub.com%2Fsorrowed%2FAdvent-2018" "/workspace/builds/worker-3/source", kill_on_drop: false }`
[INFO] [stderr] Cloning into '/workspace/builds/worker-3/source'...
[INFO] [stderr] done.
[INFO] validating manifest of git repo https://github.com/sorrowed/Advent-2018 on toolchain 72f88fc4e9458f89516a0b8b0868f3718aec5b47
[INFO] running `Command { std: "/workspace/cargo-home/bin/cargo" "+72f88fc4e9458f89516a0b8b0868f3718aec5b47" "read-manifest" "--manifest-path" "Cargo.toml", kill_on_drop: false }`
[INFO] started tweaking git repo https://github.com/sorrowed/Advent-2018
[INFO] finished tweaking git repo https://github.com/sorrowed/Advent-2018
[INFO] tweaked toml for git repo https://github.com/sorrowed/Advent-2018 written to /workspace/builds/worker-3/source/Cargo.toml
[INFO] crate git repo https://github.com/sorrowed/Advent-2018 already has a lockfile, it will not be regenerated
[INFO] running `Command { std: "/workspace/cargo-home/bin/cargo" "+72f88fc4e9458f89516a0b8b0868f3718aec5b47" "fetch" "--locked" "--manifest-path" "Cargo.toml", kill_on_drop: false }`
[INFO] [stderr]  Downloading crates ...
[INFO] [stderr]   Downloaded redox_syscall v0.1.43
[INFO] [stderr]   Downloaded time v0.1.40
[INFO] running `Command { std: "docker" "create" "-v" "/var/lib/crater-agent-workspace/builds/worker-3/target:/opt/rustwide/target:rw,Z" "-v" "/var/lib/crater-agent-workspace/builds/worker-3/source:/opt/rustwide/workdir:ro,Z" "-v" "/var/lib/crater-agent-workspace/cargo-home:/opt/rustwide/cargo-home:ro,Z" "-v" "/var/lib/crater-agent-workspace/rustup-home:/opt/rustwide/rustup-home:ro,Z" "-e" "SOURCE_DIR=/opt/rustwide/workdir" "-e" "CARGO_TARGET_DIR=/opt/rustwide/target" "-e" "CARGO_HOME=/opt/rustwide/cargo-home" "-e" "RUSTUP_HOME=/opt/rustwide/rustup-home" "-w" "/opt/rustwide/workdir" "-m" "1610612736" "--user" "0:0" "--network" "none" "rustops/crates-build-env@sha256:d92eaeed33fa75130ca1ee6c8a01d1ffb62bac859dfdfb3450e3e5d1c0146529" "/opt/rustwide/cargo-home/bin/cargo" "+72f88fc4e9458f89516a0b8b0868f3718aec5b47" "metadata" "--no-deps" "--format-version=1", kill_on_drop: false }`
[INFO] [stdout] 9859b326c11ea334dd824c273e28db18ab3ed489f3eb5bfb80e4a7b871759453
[INFO] [stderr] WARNING: Your kernel does not support swap limit capabilities or the cgroup is not mounted. Memory limited without swap.
[INFO] running `Command { std: "docker" "start" "-a" "9859b326c11ea334dd824c273e28db18ab3ed489f3eb5bfb80e4a7b871759453", kill_on_drop: false }`
[INFO] running `Command { std: "docker" "inspect" "9859b326c11ea334dd824c273e28db18ab3ed489f3eb5bfb80e4a7b871759453", kill_on_drop: false }`
[INFO] running `Command { std: "docker" "rm" "-f" "9859b326c11ea334dd824c273e28db18ab3ed489f3eb5bfb80e4a7b871759453", kill_on_drop: false }`
[INFO] [stdout] 9859b326c11ea334dd824c273e28db18ab3ed489f3eb5bfb80e4a7b871759453
[INFO] running `Command { std: "docker" "create" "-v" "/var/lib/crater-agent-workspace/builds/worker-3/target:/opt/rustwide/target:rw,Z" "-v" "/var/lib/crater-agent-workspace/builds/worker-3/source:/opt/rustwide/workdir:ro,Z" "-v" "/var/lib/crater-agent-workspace/cargo-home:/opt/rustwide/cargo-home:ro,Z" "-v" "/var/lib/crater-agent-workspace/rustup-home:/opt/rustwide/rustup-home:ro,Z" "-e" "SOURCE_DIR=/opt/rustwide/workdir" "-e" "CARGO_TARGET_DIR=/opt/rustwide/target" "-e" "CARGO_INCREMENTAL=0" "-e" "RUST_BACKTRACE=full" "-e" "RUSTFLAGS=--cap-lints=forbid" "-e" "CARGO_HOME=/opt/rustwide/cargo-home" "-e" "RUSTUP_HOME=/opt/rustwide/rustup-home" "-w" "/opt/rustwide/workdir" "-m" "1610612736" "--user" "0:0" "--network" "none" "rustops/crates-build-env@sha256:d92eaeed33fa75130ca1ee6c8a01d1ffb62bac859dfdfb3450e3e5d1c0146529" "/opt/rustwide/cargo-home/bin/cargo" "+72f88fc4e9458f89516a0b8b0868f3718aec5b47" "check" "--frozen" "--all" "--all-targets" "--message-format=json", kill_on_drop: false }`
[INFO] [stdout] efe2d314ca2c8d654a44abd62605266aa7457c668dfdae043bad8a6dda12de1d
[INFO] [stderr] WARNING: Your kernel does not support swap limit capabilities or the cgroup is not mounted. Memory limited without swap.
[INFO] running `Command { std: "docker" "start" "-a" "efe2d314ca2c8d654a44abd62605266aa7457c668dfdae043bad8a6dda12de1d", kill_on_drop: false }`
[INFO] [stderr]    Compiling version_check v0.1.5
[INFO] [stderr]    Compiling memchr v2.1.1
[INFO] [stderr]     Checking aho-corasick v0.6.9
[INFO] [stderr]     Checking regex v1.1.0
[INFO] [stderr]     Checking advent_2018 v0.1.0 (/opt/rustwide/workdir)
[INFO] [stdout] error[E0583]: file not found for module `day04`
[INFO] [stdout]  --> src/main.rs:7:1
[INFO] [stdout]   |
[INFO] [stdout] 7 | mod day04;
[INFO] [stdout]   | ^^^^^^^^^^
[INFO] [stdout]   |
[INFO] [stdout]   = help: to create the module `day04`, create file "src/day04.rs"
[INFO] [stdout] 
[INFO] [stdout] 
[INFO] [stdout] error[E0583]: file not found for module `day04`
[INFO] [stdout]  --> src/main.rs:7:1
[INFO] [stdout]   |
[INFO] [stdout] 7 | mod day04;
[INFO] [stdout]   | ^^^^^^^^^^
[INFO] [stdout]   |
[INFO] [stdout]   = help: to create the module `day04`, create file "src/day04.rs"
[INFO] [stdout] 
[INFO] [stdout] 
[INFO] [stdout] error[E0425]: cannot find function `first` in module `day04`
[INFO] [stdout]   --> src/main.rs:23:36
[INFO] [stdout]    |
[INFO] [stdout] 23 |     println!("04.1 <<>>: {0}", day04::first());
[INFO] [stdout]    |                                       ^^^^^ not found in `day04`
[INFO] [stdout]    |
[INFO] [stdout] help: consider importing one of these items
[INFO] [stdout]    |
[INFO] [stdout] 4  | use day01::first;
[INFO] [stdout]    |
[INFO] [stdout] 4  | use day02::first;
[INFO] [stdout]    |
[INFO] [stdout] 4  | use day03::first;
[INFO] [stdout]    |
[INFO] [stdout] 
[INFO] [stdout] 
[INFO] [stdout] error[E0425]: cannot find function `second` in module `day04`
[INFO] [stdout]   --> src/main.rs:24:39
[INFO] [stdout]    |
[INFO] [stdout] 24 |     println!("04.2 <<>>: {0}", day04::second());
[INFO] [stdout]    |                                       ^^^^^^ not found in `day04`
[INFO] [stdout]    |
[INFO] [stdout] help: consider importing one of these items
[INFO] [stdout]    |
[INFO] [stdout] 4  | use day01::second;
[INFO] [stdout]    |
[INFO] [stdout] 4  | use day02::second;
[INFO] [stdout]    |
[INFO] [stdout] 4  | use day03::second;
[INFO] [stdout]    |
[INFO] [stdout] 
[INFO] [stdout] 
[INFO] [stdout] error[E0425]: cannot find function `first` in module `day04`
[INFO] [stdout]   --> src/main.rs:23:36
[INFO] [stdout]    |
[INFO] [stdout] 23 |     println!("04.1 <<>>: {0}", day04::first());
[INFO] [stdout]    |                                       ^^^^^ not found in `day04`
[INFO] [stdout]    |
[INFO] [stdout] help: consider importing one of these items
[INFO] [stdout]    |
[INFO] [stdout] 4  | use day01::first;
[INFO] [stdout]    |
[INFO] [stdout] 4  | use day02::first;
[INFO] [stdout]    |
[INFO] [stdout] 4  | use day03::first;
[INFO] [stdout]    |
[INFO] [stdout] 
[INFO] [stdout] 
[INFO] [stdout] error[E0425]: cannot find function `second` in module `day04`
[INFO] [stdout]   --> src/main.rs:24:39
[INFO] [stdout]    |
[INFO] [stdout] 24 |     println!("04.2 <<>>: {0}", day04::second());
[INFO] [stdout]    |                                       ^^^^^^ not found in `day04`
[INFO] [stdout]    |
[INFO] [stdout] help: consider importing one of these items
[INFO] [stdout]    |
[INFO] [stdout] 4  | use day01::second;
[INFO] [stdout]    |
[INFO] [stdout] 4  | use day02::second;
[INFO] [stdout]    |
[INFO] [stdout] 4  | use day03::second;
[INFO] [stdout]    |
[INFO] [stdout] 
[INFO] [stdout] 
[INFO] [stdout] error: aborting due to 3 previous errors
[INFO] [stdout] 
[INFO] [stdout] 
[INFO] [stdout] Some errors have detailed explanations: E0425, E0583.
[INFO] [stdout] 
[INFO] [stdout] For more information about an error, try `rustc --explain E0425`.
[INFO] [stdout] 
[INFO] [stderr] error: could not compile `advent_2018`.
[INFO] [stderr] 
[INFO] [stderr] To learn more, run the command again with --verbose.
[INFO] [stderr] warning: build failed, waiting for other jobs to finish...
[INFO] [stdout] error: aborting due to 3 previous errors
[INFO] [stdout] 
[INFO] [stdout] 
[INFO] [stdout] Some errors have detailed explanations: E0425, E0583.
[INFO] [stdout] 
[INFO] [stdout] For more information about an error, try `rustc --explain E0425`.
[INFO] [stdout] 
[INFO] [stderr] error: build failed
[INFO] running `Command { std: "docker" "inspect" "efe2d314ca2c8d654a44abd62605266aa7457c668dfdae043bad8a6dda12de1d", kill_on_drop: false }`
[INFO] running `Command { std: "docker" "rm" "-f" "efe2d314ca2c8d654a44abd62605266aa7457c668dfdae043bad8a6dda12de1d", kill_on_drop: false }`
[INFO] [stdout] efe2d314ca2c8d654a44abd62605266aa7457c668dfdae043bad8a6dda12de1d
